s the greatest common factor of 191 and 1440331?
191
What is the greatest common factor of 477020 and 1840?
460
Calculate the greatest common factor of 280 and 3270190.
70
What is the highest common factor of 834 and 702?
6
What is the greatest common factor of 22716 and 1080?
36
Calculate the greatest common factor of 147 and 2933.
7
Calculate the highest common divisor of 7991372 and 4.
4
Calculate the greatest common factor of 940 and 189175.
235
What is the highest common factor of 42 and 27474?
6
What is the greatest common factor of 3717720 and 115?
115
What is the greatest common factor of 178 and 316217?
89
What is the greatest common divisor of 16570560 and 12?
12
Calculate the highest common divisor of 205 and 497125.
205
Calculate the greatest common factor of 67224 and 24.
24
What is the greatest common factor of 134555 and 1445?
85
What is the greatest common factor of 71736 and 25088?
392
What is the greatest common factor of 2695 and 1680?
35
What is the greatest common divisor of 12933 and 108?
27
What is the greatest common factor of 186 and 81716?
62
Calculate the highest common divisor of 186 and 9455.
31
Calculate the highest common factor of 1186800 and 368.
368
What is the highest common divisor of 128 and 310496?
32
What is the highest common factor of 3482 and 8?
2
Calculate the greatest common divisor of 2253 and 16854693.
2253
What is the highest common divisor of 16 and 1990?
2
What is the highest common factor of 16208 and 16?
16
What is the highest common factor of 6 and 29607?
3
Calculate the highest common factor of 500580 and 120.
60
Calculate the greatest common divisor of 10602 and 2945.
589
What is the highest common factor of 1072 and 285008?
16
What is the highest common factor of 3996 and 120768?
444
Calculate the greatest common factor of 81729 and 2781.
27
Calculate the highest common divisor of 2079 and 23331.
231
Calculate the highest common factor of 28 and 460.
4
What is the highest common factor of 3551 and 901?
53
Calculate the greatest common divisor of 12 and 30684.
12
Calculate the highest common divisor of 11907 and 1743.
21
What is the highest common factor of 282799 and 1551?
517
Calculate the highest common factor of 2173 and 12031.
53
What is the highest common factor of 27813 and 73?
73
Calculate the greatest common factor of 38045 and 1001.
7
What is the greatest common divisor of 299 and 444176?
23
Calculate the highest common factor of 691600 and 182.
182
What is the greatest common divisor of 75809 and 123?
41
What is the greatest common factor of 51768 and 34?
2
Calculate the highest common divisor of 37480 and 184.
8
Calculate the greatest common divisor of 8364 and 24378.
102
What is the greatest common factor of 429 and 364221?
429
Calculate the highest common factor of 21764 and 44.
4
Calculate the greatest common divisor of 3251198 and 1304.
326
Calculate the highest common factor of 139 and 540571.
139
Calculate the highest common factor of 704 and 217696.
32
What is the highest common divisor of 168 and 1503768?
168
What is the highest common factor of 2685 and 35979?
537
Calculate the greatest common divisor of 216147 and 654.
327
What is the highest common divisor of 8383 and 2525?
101
What is the greatest common factor of 291 and 52574?
97
What is the greatest common divisor of 594 and 1882386?
594
What is the highest common divisor of 44 and 995291?
11
Calculate the highest common divisor of 30 and 563280.
30
What is the greatest common divisor of 32516 and 528?
44
Calculate the highest common factor of 1596 and 20328.
84
Calculate the highest common divisor of 100 and 89976.
4
What is the greatest common divisor of 592 and 49304?
8
What is the greatest common divisor of 9 and 3115323?
9
Calculate the highest common divisor of 5017140 and 114.
114
What is the highest common factor of 5478978 and 1128?
282
Calculate the greatest common divisor of 30762 and 3222.
18
What is the greatest common divisor of 10191 and 258?
129
What is the highest common factor of 24 and 3360?
24
What is the highest common divisor of 2792 and 1016?
8
Calculate the highest common divisor of 2 and 54034.
2
Calculate the highest common factor of 618630 and 60.
30
What is the highest common divisor of 16 and 7939328?
16
What is the highest common factor of 157370 and 320?
10
What is the highest common divisor of 1060 and 29521?
53
What is the greatest common divisor of 614 and 306?
2
Calculate the highest common divisor of 1 and 535937.
1
What is the highest common factor of 616 and 298892?
44
Calculate the highest common factor of 17545 and 1885.
145
What is the greatest common divisor of 218490 and 20?
10
Calculate the greatest common factor of 515398 and 817.
43
What is the highest common divisor of 36 and 60324?
12
What is the highest common factor of 464 and 93873?
29
What is the greatest common factor of 1458 and 9?
9
Calculate the greatest common factor of 8 and 436180.
4
What is the greatest common factor of 462601 and 73?
73
What is the greatest common factor of 40 and 1400520?
40
What is the highest common factor of 157 and 216817?
157
Calculate the highest common divisor of 63 and 66003.
21
What is the greatest common divisor of 279 and 45229?
31
Calculate the highest common factor of 3044253 and 537.
537
What is the highest common divisor of 203 and 371?
7
What is the greatest common divisor of 96 and 26700?
12
Calculate the highest common divisor of 348 and 38164.
116
Calculate the highest common divisor of 41 and 209059.
41
What is the greatest common divisor of 1664 and 384?
128
Calculate the greatest common factor of 1716 and 11902.
22
What is the highest common factor of 54 and 12384?
18
Calculate the highest common divisor of 415154 and 1004.
502
Calculate the greatest common factor of 4 and 8156.
4
Calculate the highest common factor of 1104 and 27669.
69
What is the highest common factor of 155 and 35681?
31
Calculate the highest common factor of 219 and 2409.
219
What is the greatest common factor of 42320 and 80?
80
Calculate the highest common factor of 169071 and 2328.
291
What is the highest common divisor of 24 and 423136?
8
What is the highest common factor of 192 and 37926?
6
Calculate the greatest common divisor of 111 and 9435.
111
What is the highest common divisor of 10114 and 4836?
26
Calculate the greatest common divisor of 3510 and 99690.
30
What is the highest common factor of 91518 and 2982?
42
Calculate the highest common divisor of 597080 and 15640.
920
Calculate the highest common divisor of 28557 and 1197.
171
What is the greatest common divisor of 12938 and 26?
2
What is the highest common factor of 126 and 36078?
42
What is the greatest common divisor of 111 and 3509598?
111
What is the highest common factor of 438069 and 6?
3
Calculate the highest common divisor of 16498 and 2482.
146
Calculate the highest common factor of 94462 and 14.
2
What is the greatest common factor of 42405 and 596240?
1285
Calculate the highest common factor of 170 and 108545.
85
Calculate the highest common divisor of 121 and 1131108.
121
What is the highest common factor of 39130 and 550?
10
Calculate the greatest common factor of 16571 and 2497.
227
Calculate the greatest common divisor of 502044 and 23.
23
What is the highest common factor of 1022 and 5460?
14
What is the greatest common divisor of 150 and 127740?
30
Calculate the highest common factor of 92 and 356.
4
Calculate the greatest common factor of 95793 and 185.
37
Calculate the highest common divisor of 2394000 and 150.
150
What is the highest common divisor of 3534 and 152?
38
What is the greatest common factor of 132179 and 2227?
131
What is the highest common factor of 4381 and 3707?
337
What is the highest common factor of 164780 and 4235?
385
What is the highest common divisor of 11713 and 26?
13
What is the highest common divisor of 8283 and 24096?
753
What is the greatest common divisor of 210102 and 1940?
194
What is the greatest common divisor of 265128 and 192?
24
What is the highest common factor of 293570 and 50?
10
What is the highest common divisor of 56 and 34900?
4
What is the greatest common divisor of 634 and 578?
2
Calculate the highest common divisor of 534 and 7732.
2
What is the greatest co